v - 4*g - 4 = 0. Give t(v).
1
Let j be 30/40 + (-10)/(-8). Let u(c) = 1 + j*c**2 - 3 - c**3 - c**2 - 3. Suppose -2*m = -m. What is u(m)?
-5
Let k(h) = h**2 - 6*h - 3. Let l(d) = -d**2 - 16*d + 6. Let m = -551 - -535. Let r be l(m). Determine k(r).
-3
Let i(z) = -1 + 2 - 5*z**2 + 2*z + 1. Let v be 30/(-45)*(-5 + 2). Calculate i(v).
-14
Suppose 5*j + 64 = 14, 5*x + 20 = -3*j. Suppose -3*u = -8*u + 15, 0 = -3*r - 5*u + 24. Let y(v) = 0 - 6 - v**2 + 2*v + r. Determine y(x).
-3
Let s(u) = -3*u**2 - 13*u - 33. Let f be (-7018)/(-986) + 4/(-34) - (-30)/(-2). Give s(f).
-121
Let j(w) = 3*w - 51 + 17 + 16 + 18. Give j(-8).
-24
Let h(y) = -y + 14. Suppose 0 = -0*c - 2*c + 24. Suppose o = -49 - c. Let j = 61 + o. Give h(j).
14
Let k(m) = -3*m**2 - 15*m + 44*m**3 - 78*m**3 + 4 + 35*m**3. Let l be k(-3). Let r(v) = -v - 2. Determine r(l).
3
Let h(s) = 2*s - 3. Let c(l) = 21*l + 591. Let p(d) = 7*d + 197. Let z(k) = 6*c(k) - 17*p(k). Let f be z(-28). Determine h(f).
-1
Let j(r) = r**2 + 7*r + 7. Suppose -4*o + 8 = 3*q, 2*q = 3*o - 3*q + 23. Let u be 806/18 - (-30)/135. Let y be (0 + o)/(9/u). Give j(y).
-3
Let w(r) = 14*r**2 - 4*r + 12. Let g(q) = 40*q**2 - 11*q + 34. Let c(t) = 6*g(t) - 17*w(t). Let z be (-14)/4 + 9/6. Calculate c(z).
4
Suppose 6 = 5*i - 4. Let v(x) = x - 2 + 0*x + 3*x**3 + 3*x**i + x**2. Let m be (3264/1768 - (-2)/13)*-1. Calculate v(m).
-12
Let q(l) be the second derivative of -l**6/720 + 11*l**5/120 - 7*l**4/12 + l**3/6 + 78*l. Let j(u) be the third derivative of q(u). What is j(8)?
3
Let w(s) = s**2 + s - 4. Suppose -9*d = 5*k - 7*d - 98, 3*d - 12 = 0. Suppose 9*q - 6*q - 3*z = -18, -5*q = -z + k. Determine w(q).
2
Let h be -2*(-6)/24*4. Suppose 6 = 2*d + 3*u - 3, -3*u + 21 = -h*d. Let w(x) be the second derivative of x**4/12 + x**3/6 + x**2/2 + 2*x. What is w(d)?
7
Suppose 5*j + 1 = 31. Suppose 5*v = y - 0*y + j, 4*y - 5*v - 6 = 0. Suppose y*o = p + 16, 4*o = -p + 11 + 5. Let u(w) = w**2 - 2*w - 5. Determine u(o).
3
Let i(c) be the third derivative of 1/6*c**3 + 0*c - 44*c**2 + 13/24*c**4 + 0. Calculate i(-2).
-25
Suppose 5*c + 3*o + 26 = 0, 5*o + 100 = -5*c + 80. Let k(d) = -3 + 17 - 2*d + 4*d. Calculate k(c).
0
Let v(i) = -13838*i + 0 - 14 + 13841*i. What is v(2)?
-8
Let f(h) = 4*h**2 + 2*h - 3. Suppose -308*c + 314*c + 114 = 0. Let u = c + 21. What is f(u)?
17
Let q(g) = 30 + 36 + 55 + 6*g - 161 + 38. Calculate q(-6).
-38
Let b(i) be the second derivative of -1/12*i**4 + 82*i - 2*i**2 + 0 + 3/2*i**3. Give b(8).
4
Let s(h) = 3*h - 15. Suppose 16*p + 5*k - 13 = 18*p, p - 4*k = -8. What is s(p)?
-27
Suppose -22*s = -20*s + 444. Let o = 225 + s. Let j(b) = 0 + b - 2 + 1. Calculate j(o).
2
Suppose -2*n + 5*f - 16 = 0, -31*n + 30 = -f - 28. Let p(j) = j**3 - 1. Let u(l) = 6*l**3 - 3*l**2 + 5*l - 10. Let x(o) = 5*p(o) - u(o). Calculate x(n).
-1
Let t(s) be the first derivative of 2*s**3/3 + 4*s**2 + 9*s - 40. Let c be t(-4). Suppose c*d - 21*d = 24. Let b(a) = a**3 + a**2 - 3*a - 2. What is b(d)?
0
Let a(i) = i**3 - i**2 + i - 11. Let m = -5495 + 5495. What is a(m)?
-11
Let l be 12/(-21)*(0 - (-7)/(-1)). Let d(n) = n**3 - 3*n**2 + 5*n - 4. Calculate d(l).
32
Let a(q) = -3 + 0*q + 4*q - q**2 + 5 - 1. Let c be (-3)/(-8) + 15/((-240)/(-74)). Give a(c).
-4
Let o(q) = -3*q**2 + 128*q - 430. Let d be o(39). Let a(b) = b**2 - b + 1. Let r(w) = -25*w**2 + 3*w - 6. Let h(s) = 5*a(s) + r(s). What is h(d)?
-19
Let t be (-19)/2 + (-1)/2. Let g = -854 - -887. Let y(f) = 147*f - 34*f**2 + g*f**2 - 157*f - 1. Calculate y(t).
-1
Let u(i) be the second derivative of -i**5/20 + i**4/6 + 32*i**3/3 - 7*i**2/2 + 333*i + 1. Determine u(9).
2
Let d be 6 - (4/1 + (-238)/34). Let r(t) = -t**3 + 10*t**2 - 11*t + 23. Calculate r(d).
5
Suppose -4*f + 41 = h, 3*h - 21 - 2 = -2*f. Let i(k) = 5*k**2 + 8*k + 18. Let o(g) = -11*g**2 - 16*g - 37. Let s(b) = -13*i(b) - 6*o(b). Give s(f).
8
Let i(f) be the third derivative of -f**6/120 + f**5/20 - 7*f**4/24 - f**3/2 - 2203*f**2 + f. Give i(3).
-24
Let s(l) = l**2 - 3*l - 1. Let h = 691 + -650. Suppose 165 = -8*y + h*y. What is s(y)?
9
Suppose -235 = -5*s + 4*d - 5*d, -4*s - 4*d + 204 = 0. Suppose -s*p - 40 = -41*p. Let o(u) = u + 9. Determine o(p).
1
Let m(d) = -d**3 - 11*d**2 - 9*d - 30. Let n be m(-14). Let y = n + -681. Let b(z) = z**3 - z**2 - 3*z - 2. Determine b(y).
7
Let b = 390 - 384. Let o be (-10)/((-10)/3) - b. Let p(a) = -a**3 - 2*a**2 + a - 5. Give p(o).
1
Let c(k) = 2*k**3 - 12*k**2 + 21*k. Let g(x) = 11*x + 6*x**3 - 5*x**3 + 9*x**2 - 15*x**2. Let n(y) = -4*c(y) + 7*g(y). Calculate n(5).
-10
Let y(v) be the second derivative of 11*v**3/3 + 5*v**2/2 + 403*v. Determine y(-2).
-39
Let z(m) = -7*m**2 + 15*m - 9. Let f(t) = -15*t**2 + 31*t - 19. Suppose w + 12 = -2*g, -5*w - g = -0*g + 33. Let o(u) = w*f(u) + 13*z(u). What is o(6)?
15
Suppose 44*p = 19*p. Let w(x) = -x**2 + 5*x + 13. Calculate w(p).
13
Let z = 502/843 - -20/281. Let j(c) be the second derivative of 5*c - 7/2*c**2 + z*c**3 + 0. Determine j(5).
13
Suppose -n - 9 = -13. Suppose -v - v - n = 0. Let s(a) = -5*a**2 - 4*a + 1 + 2*a + 2*a**2 - 2*a**3 + 3*a**3. Determine s(v).
-15
Suppose 52*k - 55*k + 53 = 4*b, k = 4*b + 23. Suppose k = -4*z - 17. Let u(m) = 2*m + 11. Determine u(z).
-7
Let g be 57/(-12)*(-9 + (-117)/(-9)). Let n(w) = -w**2 - 16*w + 51. Determine n(g).
-6
Let o(g) be the third derivative of 7*g**6/24 - g**4/12 - g**3/3 + g**2 + 502. Give o(-1).
-35
Let v(t) = 159 + 45*t + 48*t - 190*t + 67*t - t**3 - 131 - 18*t**2. Give v(-16).
-4
Suppose 0 = -3*h + 5*g + 23, -h + 2*g - 4 = -2*h. Let m(f) = 15 - f**2 + 5*f + f - h. Let c = -1234 - -1241. Give m(c).
2
Let v(o) = -55*o**3 - 23*o**2 - 135*o - 434. Let q(r) = 13*r**3 + 6*r**2 + 33*r + 108. Let f(l) = 17*q(l) + 4*v(l). What is f(-9)?
-8
Let d = -395 + 399. Let p(r) = -4 - d*r - 14 + 1. Calculate p(-8).
15
Let s(t) = t**3 + 11*t**2 + 21*t + 14. Suppose 0 = -124*f + 274 - 1390. Give s(f).
-13
Let h(f) = -88*f - 274. Suppose 155*z + v - 3 = 157*z, 9 = -2*z - v. What is h(z)?
-10
Let p(d) = -d**2 - 4*d - 4. Let z be 6 - (0/2 + 3/3). Suppose -i = 3*a, 3 = z*i + 4*a - 8. Suppose t + 12 = 5*t, i*y = -t - 12. Give p(y).
-9
Let r(s) = s**2. Let i be r(0). Suppose i = 2*q + q + 15. Let w(f) = 2412*f - 4 + 2790*f - 5203*f. Calculate w(q).
1
Suppose 2*p + 8 = -0*p, -3*i + 5*p = -38. Let k(l) = -7*l + 5 - 19 + 2*l + 32 + i. Calculate k(7).
-11
Let u(c) = -c - 37. Let t(y) = -y - 8. Let r(d) = -5*t(d) - u(d). What is r(-18)?
-31
Let l(o) be the second derivative of -o**5/24 - o**4/4 - 9*o**3 + 161*o. Let w(i) be the second derivative of l(i). Give w(6).
-36
Let s(y) be the first derivative of y**3/3 - 29*y**2/2 + 190*y + 1948. Calculate s(21).
22
Let z(g) = g**3 - 9*g**2 - 8*g - 7. Suppose 2*s - 5*h = 221, 4*s + 25*h - 454 = 23*h. Suppose s*q = 109*q + 40. Give z(q).
13
Let s(n) = -5*n**2 + n - 1. Let x(t) = -t**2 - t + 1. Let q(d) = -s(d) + 6*x(d). Suppose -4 = 4*l, -4*m - 389 = 4*l - 7*l. Let y = -105 - m. Give q(y).
7
Let j(u) = -4*u**3 + 3*u**2 - 2. Let n(x) = 23*x**2 + 93*x + 3. Let w be n(-4). What is j(w)?
5
Let l(c) be the second derivative of c**4/12 - c**3/3 - 3*c**2 + 7*c. Let h be l(4). Let y(x) = 19*x - 5 - 20*x - h + x**2. What is y(5)?
13
Let l(y) = -y**3 - 2*y**2 - 16*y + 19. Let s be l(1). Let r(c) be the third derivative of s*c - 3/8*c**4 - 4*c**2 + 1/3*c**3 + 0 + 1/60*c**5. What is r(4)?
-18
Let t(a) = a**3 + 7*a**2 + 3*a + 1. Let k be t(-5). Suppose -26*s + k*s = 0. Let y(g) = 0*g + s*g + g - 4. What is y(4)?
0
Let j(m) = -4*m**2 - 27*m + 27089*m**3 - 27088*m**3 - 7*m**2 - 5. Calculate j(13).
-18
Let v(t) = 6 + t**3 - 2*t**2 + 8*t**2 + 6*t + 0*t**3. Let g(u) = 41*u**3 - 1. Let i be g(1). Suppose 13*h + i = -25. Determine v(h).
1
Let n(p) = p**2 - 14*p - 11. Suppose 0 = x - 21*r + 19*r - 23, 2*r + 53 = 3*x. Let c be n(x). Let w(m) = -m**3 + 3*m**2 + 5*m - 3. Give w(c).
1
Let r(p) = 4255*p**2 + 4141*p**2 + p**3 - 2*p + 68 - 8437*p**2. Determine r(41).
-14
Let n(i) be the first derivative of 7*i**2/2 - 146*i + 3144. Determine n(20).
-6
Let p(z) be the third derivative of z**5/30 - z**4/12 - 11*z**3/6 - 1167*z**2. Give p(6).
49
Let w(x) = -22*x - 1. Let f(n) = -89*n + 22. Let l(t) = -f(t) + 4*w(t). Calculate l(29).
3
Let q be (20/(0 - -2))/((-2)/(-3)). Let p(l) = -28*l + 11*l + 4*l - q*l